ors of ((-518)/n - (-2)/(-6))*-3.
3, 5
Let r be -3 + 8 - (2 + -420 + 3). Suppose 533*j - 539*j + r = 0. List the prime factors of j.
2, 5, 7
Let m(c) = 17 + 16*c - 16*c**2 - 2*c**3 + 4*c**3 - 30*c. What are the prime factors of m(10)?
277
Suppose 2*m + 5*h = -905 + 10041, -4566 = -m - 2*h. What are the prime factors of m?
2, 43, 53
Suppose 2*x = -10, -2*m - 3*m + 3*x = 295. Let v = m + 146. Suppose -60 - v = -3*o. List the prime factors of o.
2, 3
Suppose 8*t + q = 272713, -3*q = -36 + 57. List the prime factors of t.
2, 5, 7, 487
Let m = -4547 - -5160. What are the prime factors of m?
613
Suppose 3*l - 36688 - 912 = -2*w, 40 = 5*w. List the prime factors of l.
2, 3, 29
Let k(l) = 85*l - 21. Let q(i) = -i**3 - 14*i**2 - 24*i + 2. Let u be q(-12). List the prime factors of k(u).
149
Suppose -22*f + 11454 = 2*z - 26*f, 3*f = 4*z - 22933. What are the prime factors of z?
5737
Suppose -6*j = 179 - 173. What are the prime factors of 1/(4/3368) + 5/j?
3, 31
Suppose 0 = -27*k - 6 + 6. Suppose 0 = 3*q + 3*s - 2994, k*s = 5*q + s - 4998. What are the prime factors of q?
2, 5
What are the prime factors of 12/(-21) + 69938/14?
3, 5, 37
Let a = -3042 + 15541. What are the prime factors of a?
29, 431
Let c be (-24)/18*(0 + -3). Suppose 3*v + c*k = 22, 4*v = -4*k + 28 - 4. Let s(o) = 15*o**2 + 3*o - 4. List the prime factors of s(v).
2, 31
List the prime factors of 5*12099*(-8)/(-24).
5, 37, 109
Let g(b) be the first derivative of 17*b**2 + 4*b - 4. Suppose -2*t + 4*t = 4. What are the prime factors of g(t)?
2, 3
Let j be (8/48 + 797/6)*1. Let s = 271 - j. What are the prime factors of s?
2, 3, 23
Let m(c) = 84*c**2 + 9*c + 33937. What are the prime factors of m(0)?
33937
List the prime factors of (-383686)/(-23) + 6/(-2).
13, 1283
Suppose 9803*a = 9830*a - 462456. List the prime factors of a.
2, 2141
Let c = -8 + 12. Let q be 14/c - (-5)/10. Suppose -62 = -q*d + 90. List the prime factors of d.
2, 19
Let z(p) be the third derivative of p**6/30 + 3*p**5/20 - 2*p**4/3 + 3*p**3 - 96*p**2 - p. What are the prime factors of z(6)?
2, 3, 5, 37
Suppose -4*z + 3*l = -l - 26944, 0 = -5*l + l. What are the prime factors of z?
2, 421
Suppose -3*v - 12 = -4*b, -5*v - 19 = -4*b + 1. Suppose b = -n + 216 - 17. What are the prime factors of n?
199
Let j(r) be the second derivative of r**4/12 + 8*r**3/3 + 3*r**2/2 - 9*r. Let y be j(-16). What are the prime factors of 340/6 - y/(-9)?
3, 19
Let k(g) = 359*g**3 + 10*g - 14. Let f be k(4). Suppose 0 = 39*u + f - 85636. List the prime factors of u.
2, 11, 73
Let j = 21769 - 6130. List the prime factors of j.
3, 13, 401
Suppose -165 - 75 = -5*z. Suppose -z = 5*j - 138. What are the prime factors of -2 - (-2426)/j - (-4)/18?
7, 19
Suppose 87*f = 84*f + 168. What are the prime factors of (-21)/f + 3692/32?
5, 23
Suppose -4*i - l = -134588, -4*l = -190*i + 192*i - 67266. List the prime factors of i.
7, 11, 19, 23
Suppose 1277500 = -368*k + 418*k. What are the prime factors of k?
2, 5, 7, 73
Suppose 14 + 49 = 9*o. Suppose -o*y - 10*y = -9197. What are the prime factors of y?
541
What are the prime factors of 37405*12/(-10)*(-54)/36 + -1?
2, 263
Let b(u) = 3*u**2 - 9*u + 12. Suppose 0 = -4*a + 21 + 7. Suppose 11 + a = 3*p. What are the prime factors of b(p)?
2, 3, 11
Suppose 0 = -11*c + 34 + 10. Suppose 2*t + c*t - 1422 = 0. What are the prime factors of t?
3, 79
Suppose 6*i - 16 = 2*i. Suppose 9*u = -4*n + 4*u + 13, i*u - 32 = 4*n. What are the prime factors of n/(6/12*(-1)/34)?
2, 3, 17
Suppose -22*m + 106780 + 234699 = -141949. What are the prime factors of m?
2, 10987
Suppose -79526 = 27*i - 518222. What are the prime factors of i?
2, 3, 677
Let c(g) be the second derivative of g**4/12 + 7*g**3/6 + 24*g**2 - 36*g. What are the prime factors of c(-19)?
2, 3, 23
Let n be (-1 - -2)*(-4 + (-113 - 8)). Let c = n - -123. Let m(x) = -32*x**3 - 3*x**2 - 2*x + 2. What are the prime factors of m(c)?
2, 5
Let b(k) = 100*k**2 + 6*k - 147. List the prime factors of b(12).
3, 5, 191
Suppose 457 = -5*s + 457. Suppose 3*u - 264 = -s*u. What are the prime factors of u?
2, 11
Let w be 22/44*18*1. Let a(d) = d**2 - d - 17. Let r be a(w). Suppose -5*o = -r - 35. What are the prime factors of o?
2, 3
Let j be 0 + (2 + 2)/(3 + -1). Suppose 0 = 4*t + 12, j*x - 18 = 2*t - 4. Suppose 3*q = 4*f + 4*q - 377, -4*f + x*q = -392. What are the prime factors of f?
5, 19
Suppose 44 = 4*c + 24, -i - 3*c = -7358. List the prime factors of i.
7, 1049
Let q(r) = -841*r + 813*r + 99 + 29. What are the prime factors of q(-14)?
2, 5, 13
Let o be 10/85 + 87/(-17). What are the prime factors of ((-2)/6)/(o/25890)?
2, 863
Suppose 0 = 464*k - 166*k - 15950152. List the prime factors of k.
2, 13381
List the prime factors of ((-3762)/21)/((-33)/231).
2, 3, 11, 19
Let s(w) = -8 + 0 - 7*w + 33*w. Let l be s(2). Suppose 0 = 3*x - l - 184. What are the prime factors of x?
2, 19
Let o = -13555 + 22968. List the prime factors of o.
9413
Suppose -6*k = -14120 + 1220. What are the prime factors of k?
2, 5, 43
Let c(d) = -d + 18. Let a be c(14). Suppose a*r - 211 = 81. Let p = r + -17. List the prime factors of p.
2, 7
Let o(q) = -q**3 + 82*q**2 - 127*q - 77. List the prime factors of o(80).
11, 233
Let v = 358 + -129. Let o = v + -87. Let h = o + -78. List the prime factors of h.
2
Let k = 31010 - 15488. List the prime factors of k.
2, 3, 13, 199
Let n(h) = h**3 + 47*h**2 - 12*h + 148. List the prime factors of n(-39).
2, 17, 47
Let u(n) = n**3 - 45*n**2 - 389*n - 600. What are the prime factors of u(58)?
2, 5, 11, 17
What are the prime factors of (-14 + -85)/(137/657 + (-8)/36)?
3, 11, 73
Let o be -1 + 2/1 - (-53 - -15). Let j(g) = 18*g - 149. List the prime factors of j(o).
7, 79
Suppose -x = 3*d - 1 - 5, 0 = 2*d - 3*x - 15. Suppose d*r + 2*r = -20. What are the prime factors of (602/21)/(r/(-6))?
43
Suppose 0 = 5*t - 2*r + 79, 0*t = 2*t + r + 28. Let b be (99/t)/(3/(-15)). Suppose -l = 2*l - b. List the prime factors of l.
11
Let f(b) = -755*b + 11671. What are the prime factors of f(-74)?
17, 29, 137
List the prime factors of 4270/(55/11)*(-3 - -4)*71.
2, 7, 61, 71
Suppose 21*j - 79 = -3*a + 23*j, -3*a + 4*j + 83 = 0. Suppose 4*s - 5*d - 1 = -0*s, d = 3. What are the prime factors of a + (s + -6)*1?
23
List the prime factors of (-8)/6*54/12 - -42109.
71, 593
Let h(o) = -101*o + 59. Let p be h(-9). Suppose -5*i = -2*t - 2*t - p, 4*t - 568 = -3*i. What are the prime factors of i?
2, 3
Suppose 4*o + 4 = v, -1 = 16*o - 15*o - v. Let l(x) be the first derivative of -33*x**2/2 + 3*x + 2. List the prime factors of l(o).
2, 3
Let k(x) be the second derivative of -x**4/12 + 7*x**3/2 + 155*x**2/2 + 8*x + 4. List the prime factors of k(0).
5, 31
Suppose 15*g - 121782 - 118068 = 0. What are the prime factors of g?
2, 3, 5, 13, 41
Let s = -1955 + 4641. What are the prime factors of s?
2, 17, 79
Suppose 5*b - 12 = 2*b. Suppose 6*l - 1263 = l + 3*m, -2*l + b*m + 494 = 0. List the prime factors of l.
3, 5, 17
Let p(g) = -336*g + 3637. List the prime factors of p(-9).
6661
Suppose 0 = 9783*m - 9772*m - 421784. What are the prime factors of m?
2, 4793
Suppose -6*r + 13*r + 7 = 0. Let w(p) = -20*p**2 + p - 1. Let o be w(r). What are the prime factors of (3 - 1 - 90/12)*o?
11
Let q(i) = 7*i**3 - 4*i**2 - 9*i - 82. Let o be q(17). Suppose -43*z + o = -21*z. What are the prime factors of z?
2, 3, 5
Suppose -5*s = 4*s - 2*s. Let j be (s - -1)/((-10)/130). Let l = j - -52. List the prime factors of l.
3, 13
Let o = 9 - 32. Let i = o + 30. What are the prime factors of 3/7 - (-746)/i?
107
Let c(n) = n + 1. Let t(p) = 8*p + 6. Let q(w) = -5*c(w) + t(w). Let a be q(-4). Let y = a + 14. List the prime factors of y.
3
Suppose 98440 = 3*b + 7*b - 129510. List the prime factors of b.
5, 47, 97
Let c(o) be the second derivative of -o**5/4 - o**4/12 + 3*o**3/2 + 9*o. Let w be c(-3). Suppose 435 - w = 3*d. List the prime factors of d.
2, 7
Let r be (-4)/(-20) + 1098/(-15). Let n = 79 + r. Suppose -15*x + 2277 = -n*x. What are the prime factors of x?
11, 23
Suppose 2*y - 28 = -5*r - 0*r, -5*r = -2*y - 12. Let h be 3/r*(-7 - 1). What are the prime factors of (1/(-3)*h)/(3/57)?
2, 19
Let l = -582 - -884. Suppose -92*x = -90*x - l. List the prime factors of x.
151
Let i be (5 - -2) + (-16)/(-4). Suppose 2*g + 2